q = 45 + -26. What is the greatest common divisor of q and f?
19
Let h be (3/4)/(5/20). Suppose 0*m + h*m - 105 = 0. Suppose r + 0*r + 1 = 5*a, 0 = 2*r - a - 25. Calculate the greatest common factor of r and m.
7
Let a = -547 - -568. What is the greatest common divisor of a and 24?
3
Suppose 2*u = -4*k + 58, 2*u - 38 - 26 = -k. What is the highest common divisor of 154 and u?
11
Let o = -105 - -98. Let v(c) be the first derivative of -c**3/3 - 9*c**2/2 - 9*c - 1. Let k be v(o). Calculate the greatest common divisor of k and 25.
5
Suppose 0 = -136*p + 109*p + 2754. Calculate the highest common factor of p and 68.
34
Let c(w) = w**2 + 2*w. Let u be c(-3). Let x(g) = 2*g**3 - 5*g**2 + 4*g. Let z be x(u). What is the greatest common divisor of 14 and z?
7
Let q(i) = i**3 - 6*i - 3. Let l be q(-5). Let y be -4*(l/(-8))/(-7). Calculate the greatest common factor of y and 49.
7
Let d(h) = h**2 - 13*h + 9. Let b be d(11). Let s = b + 27. Calculate the greatest common divisor of 7 and s.
7
Let v = 72 - 28. Let h be 4/6 - 896/(-42). What is the highest common divisor of v and h?
22
Let n(a) = a**2 - 8*a + 17. Let o be n(6). Suppose 5*w - w = 80. Calculate the greatest common factor of w and o.
5
Suppose 5*q - 2 = -3*s - 1, -4*q = 3*s + 4. Let t be (-753)/(-15) + s/(-10). What is the highest common divisor of t and 17?
17
Let w = -28 + 52. What is the highest common divisor of 672 and w?
24
Suppose -10*t + 12 = -28. Calculate the greatest common divisor of 54 and t.
2
Suppose 0 = 7*n - 0 + 168. Let p = -12 - n. Calculate the greatest common divisor of p and 18.
6
Let a(f) = 2*f**2 + 17*f + 48. Let t be a(-8). What is the highest common factor of 140 and t?
20
Let s be (-2)/(-6)*(-7 - -31). Suppose -14 - s = -t. Let a = -16 + t. Calculate the greatest common divisor of 9 and a.
3
Suppose -4*w = 5*g - 2, -2*g + 6*g - 5*w = -23. Let a be 7 + g + (1 - 3 - 0). Calculate the greatest common divisor of 1 and a.
1
Let n be 0 + 0 + 2 + 0. Suppose 2*a - 3*a - 4*b = -62, -n*a - 5*b = -115. Let o(f) = -7*f - 1. Let z be o(-3). What is the highest common factor of a and z?
10
Suppose 1181 = -5*t + 1226. What is the highest common factor of 12 and t?
3
Let r(d) = 6*d + 6. Let m be r(9). Let n be 2/(-1)*(4 + 580/(-8)). Suppose -n*k = -132*k - 60. Calculate the highest common divisor of m and k.
12
Let p be (-78)/(10/(-6) + 3/18). Suppose 2*c - 37 = -y, 53 = 5*y - 5*c - 147. What is the highest common divisor of y and p?
13
Let i(h) = -2*h**2 + 8*h - 4. Let n be i(3). Let l be 44/(2/1) + n. What is the highest common factor of 30 and l?
6
Let k = 485 + -215. What is the greatest common factor of k and 126?
18
Let v be (-6)/(-8) + 429/(-44). Let k = 54 + v. Suppose -5*b + 4*j + 206 = 0, 2*b + k = 3*b + 3*j. What is the highest common divisor of b and 63?
21
Suppose 75 = 5*s - 0*s. Let n be (330/40)/(7/140). What is the greatest common divisor of n and s?
15
Let j be (-8)/(-18) - 62020/(-180). What is the highest common divisor of j and 3?
3
Suppose -3 = -2*h + 3. Let s be (2 - -1 - 0) + h. Let o = -63 - -93. What is the highest common factor of s and o?
6
Suppose -2*b + 17 = -73. Calculate the greatest common divisor of 720 and b.
45
Let f be 624/(-8)*(-18)/(-4). Let z = f - -727. Suppose 5*r - 344 = z. Calculate the highest common divisor of 16 and r.
16
Let h = -97 - -97. Suppose -5*o + 2*r + 533 = -h*o, 5*r = -20. Let g = 32 - 11. What is the highest common factor of g and o?
21
Let o(n) = n**3 - 5*n**2 + 3*n - 30. Let g be o(6). What is the greatest common factor of 12 and g?
12
Let f(i) = 19*i + 1. Let a(q) = 1 - 2 - 18*q + 0. Let p(b) = 2*a(b) + 3*f(b). Let t be p(1). Calculate the greatest common factor of t and 2.
2
Let d(b) = b**3 + 55. Let o be d(0). Let h = 23 + -32. Let n = 20 + h. Calculate the greatest common divisor of o and n.
11
Suppose -6 = 5*k - 11, -3*k + 729 = 2*u. Calculate the greatest common divisor of 99 and u.
33
Let o be (1980/(-176))/((-3)/4). Calculate the highest common divisor of 735 and o.
15
Let k = 538 - 480. What is the greatest common divisor of 928 and k?
58
Let u = 150 - 105. What is the highest common divisor of 153 and u?
9
Suppose 0 = -28*w + 31*w - 9. Suppose w*s - 107 = -8. What is the greatest common factor of 3 and s?
3
Suppose -18 = 2*m + 4*p, m + 0*m - 1 = -4*p. Let q = m - -25. Suppose -5*o + l = -483, q*o - 2*l = o + 486. What is the greatest common divisor of o and 64?
32
Let k(g) = 5*g - 1. Let a be k(1). Let l = 9 - a. Suppose -v + 16 = -l. Calculate the greatest common divisor of v and 63.
21
Let c(d) = -64*d - 72. Let o be c(-4). Calculate the highest common divisor of o and 23.
23
Let w = 311 - 158. Let v(z) = z**3 + 12*z**2 + z - 1. Let t be v(-9). Let q = t - w. What is the highest common divisor of 20 and q?
20
Let i = -85 + 193. What is the greatest common divisor of 84 and i?
12
Let i(m) = 9*m**2 - 5*m + 3. Let l be i(3). Suppose -5*g = -5, 2*g + l + 69 = 2*y. What is the highest common factor of y and 7?
7
Let k be (23 - 23) + (714 - 3). Calculate the highest common divisor of k and 9.
9
Suppose 31*o - 38*o = -1295. Calculate the greatest common divisor of o and 74.
37
Suppose 5*p = 15, 3*o + 4*p + 0*p = -282. Let v = -73 - o. What is the highest common divisor of v and 75?
25
Suppose y + 0*y = -s + 14, 4*y = 0. Suppose 4*u - 7*v = -3*v, 4*v - s = -3*u. Let o = u - -70. Calculate the highest common divisor of 8 and o.
8
Let n be (-4)/8*-14*(-232)/(-56). What is the greatest common divisor of n and 1?
1
Suppose -u + 224 = 7*u. Calculate the highest common factor of 28 and u.
28
Suppose 149*q - 96 = 125*q. Calculate the greatest common factor of q and 428.
4
Let p = 1548 - 1542. What is the highest common factor of 4 and p?
2
Let d = -2 - -4. Suppose 13 - 3 = -2*j, -122 = -d*g + 2*j. Suppose -4*h = -r + 13 - g, -h - 3*r + 14 = 0. What is the greatest common divisor of h and 55?
11
Suppose -150 = -4*o - o. Suppose 5*p = -x + 40, 2*p = -3*p - 3*x + 30. Suppose 69 - p = 4*t. Calculate the highest common divisor of o and t.
15
Let z = -90 + 105. Let l(h) = h**3 - 11*h**2 + 11*h - 1. Let c be l(11). Calculate the greatest common divisor of c and z.
15
Let f be (-30)/3 + (2 - -1). Let t(i) = -i**2 - 9*i - 2. Let l be t(f). Suppose s = -5*s + 180. What is the highest common factor of s and l?
6
Let b(q) = -q**2 + 11*q + 43. Let s be b(14). What is the greatest common factor of s and 34?
1
Suppose 5*d - 3*q - 257 = 0, 0 = -2*q + 3*q - 1. Suppose 0 = -a + 5*i + 38, -i - 94 = -5*a - 24. What is the highest common factor of d and a?
13
Let l = -54 + 350. What is the highest common divisor of l and 222?
74
Suppose z - 3*z = -6, z = -3*w + 39. Let j(a) = 12*a. Let x be j(7). Calculate the greatest common divisor of x and w.
12
Let b = 15 + -27. Suppose -76*z + 30 = -91*z. Let v be 49/(z + (-28)/b). Calculate the highest common divisor of v and 21.
21
Suppose -3*u + 5*u = 0. Suppose 6 = -5*b - 2*v + 18, 3*b - 3*v - 24 = u. Suppose 12 = -2*k + b*k. Calculate the greatest common factor of 4 and k.
2
Let d(f) = 49*f**2 - 13*f + 11. Let l be d(3). What is the greatest common factor of l and 118?
59
Let d = -1444 + 1774. Calculate the highest common factor of 75 and d.
15
Let s be ((-10)/3)/((-56)/27 - -2). What is the highest common divisor of s and 360?
45
Let g(y) = 31*y - 2. Let f be g(-2). Let m = -52 - f. What is the greatest common factor of 12 and m?
12
Suppose -4*b - 3*r + 197 = 62, -b + 42 = -2*r. Suppose 2*w - w - b = 0. Let v = w - 19. What is the highest common factor of v and 119?
17
Let m = -729 + 739. What is the greatest common factor of 1250 and m?
10
Let z(b) = 4*b - 24. Let u = -42 + 59. Let m be z(u). Calculate the highest common divisor of m and 22.
22
Let b(c) = -c - 9. Let g be b(-33). What is the highest common factor of g and 64?
8
Let p(w) = 0*w + w + 1 - 2*w**2 + 0*w + 2*w**3. Let g(u) = -2*u - 10. Let v be g(-6). Let c be p(v). Calculate the greatest common factor of 99 and c.
11
Suppose 0*s + 20 = 5*s. Let k be 64/4 - -3 - s. Let t be (-45 - (1 + -1))/(-1). What is the greatest common factor of k and t?
15
Let j = 621 + -456. What is the highest common factor of j and 66?
33
Let u = -8 - -4. Let x(i) be the second derivative of i**5/20 + 5*i**4/12 - i**2 - 29*i. Let z be x(u). Calculate the highes